3*r + 46. What is the greatest common divisor of 7748 and o?
52
Let p = -23283 + 27981. What is the greatest common divisor of 232 and p?
58
Suppose 190*f = 188*f + 5*g + 300, 3*g - 387 = -3*f. What is the greatest common divisor of 9045 and f?
135
Let l(i) = -2*i - 7. Let j be l(-5). Suppose y + 9*y + 20 = 0. Let a be (-78)/(-3) + ((-4)/y)/2. What is the greatest common divisor of j and a?
3
Suppose -4*k + 18809 = 3*k - 66647. What is the greatest common factor of k and 112?
112
Let z be (-1 - (-24)/9)*(108 + -5 + -1). Let d be 6/(-4) + (-138)/(-12). What is the greatest common factor of z and d?
10
Suppose 0 = -g + 5*g - k - 59, 0 = k + 3. Suppose -2*f - 6*u + 188 = -2*u, -f + u + 100 = 0. What is the greatest common factor of g and f?
14
Let k(f) = 6*f**2 + 52*f + 215. Let a be k(-6). What is the greatest common factor of a and 1088?
17
Let o be 1300/14 - (-75)/700*-8. Calculate the highest common divisor of o and 116.
4
Let g be (-5)/((-75)/(-10))*12/(-2). Suppose 0 = -4*j, -2*w + 8*j = 5*j - 4. What is the highest common factor of w and g?
2
Let d = 24 + -66. Let v be (1/(-2) - -2)*(-3136)/d. What is the greatest common factor of 32 and v?
16
Let b(c) = 3213*c**2 + 6*c + 1. Let f be b(1). What is the highest common factor of 69 and f?
23
Let q(s) = s**3 + 26*s**2 - 17*s + 30. Let t be q(-22). What is the highest common factor of t and 100?
20
Let p = -6325 - -6344. What is the greatest common factor of p and 3401?
19
Let u be (1 - 6)*(-64)/20. Let b be (40/u)/(2/4). Suppose 3*k + b*w - 13 = 0, -6*k + k + 3*w = -67. Calculate the highest common factor of k and 77.
11
Let m = -4 + 15. Suppose 102*l - 770 = 67*l. What is the greatest common divisor of l and m?
11
Suppose 1751 = 7*h - 2799. Suppose -o + 200 = -h. Calculate the greatest common divisor of 100 and o.
50
Let j = 2985 + -2957. Calculate the greatest common factor of j and 518.
14
Let m be ((-7162)/(-12) - 14/(-84))*(-90)/(-5). What is the greatest common divisor of m and 18?
18
Let i(u) = -4*u**2 - 31*u + 74. Let v be i(-7). Suppose -2*a - 3 = h - 39, 3*a = h - 41. What is the greatest common factor of v and h?
19
Let d(n) = 13*n**3 - 2*n**2 + n. Let w = 107 + -106. Let r be d(w). Let q be 11/(165/r)*155/2. Calculate the greatest common divisor of q and 155.
31
Let b(x) = 394*x - 194. Let o be b(10). Suppose 22*q = o + 1534. What is the highest common divisor of q and 6?
6
Suppose 23*k - 153 - 146 = 0. Suppose -4*c = k*c - 544. Calculate the greatest common divisor of 8 and c.
8
Let q be (9 - (-255090)/(-50))/(2 - 46/20). What is the highest common factor of 16 and q?
16
Let w be 51/(1989/5278)*(-852)/(-14). What is the greatest common factor of 348 and w?
116
Suppose 3*t - 9945 = 115*p - 118*p, 4*t - 4*p - 13276 = 0. Calculate the greatest common factor of t and 31.
31
Let x(j) = 2*j**2 - 3*j + 1. Let q be x(-3). Suppose -u - 300 - 22 = -2*u. Calculate the greatest common divisor of q and u.
14
Suppose 4*g + 100 = -4*y + 9*y, 0 = -3*y - 4*g + 92. Suppose -y = -4*h + 5*v, 5*h - 7*v = -2*v + 30. What is the greatest common divisor of h and 294?
6
Let c = -518142 - -518662. Suppose i - 64 = -h, -7*h + 3*h - 3*i + 257 = 0. What is the greatest common factor of h and c?
65
Let g(q) = 6*q**3 - 59*q**2 + 51*q - 3. Let k be g(9). What is the highest common factor of k and 25245?
51
Suppose r - 70 = -66. Suppose 3*b - 39 = -r*c, -3*c - 3*b + 21 = -12. Calculate the highest common factor of c and 9.
3
Let y be (78/12 + 4)/(6/136 - 0). What is the highest common factor of 140 and y?
14
Let m be 0*((14 - 6) + -7). Suppose m = -4*t - 4*j + 580, 560 = 4*t - 3*j - 34. Suppose -2*c = -5*c + 63. Calculate the greatest common divisor of t and c.
21
Suppose 4*x - 2 = 94. Suppose -11*r = -x - 20. Suppose r*z + 58 = 2*k + 3*z, 0 = -z - 4. Calculate the highest common divisor of 45 and k.
9
Let n(y) = 18*y**2 - 29*y + 54. Let w(l) = -44*l**2 + 72*l - 136. Let z(s) = -12*n(s) - 5*w(s). Let m be z(6). What is the highest common divisor of m and 40?
8
Let k = 123 - 124. Let w be ((-1)/k)/4 + (-7)/(-4). What is the greatest common divisor of w and 62?
2
Suppose -5*g + 265 = 5*b, -239 = -44*g + 40*g + 5*b. What is the greatest common divisor of g and 40?
8
Let l(u) = 176*u - 13. Let f be l(-1). Let c = f + 203. Calculate the greatest common factor of c and 2.
2
Let j(w) = w**2 + 6. Let o(b) = b - 2. Let c be o(-12). Let s be (-60)/c + (-18)/63. Let v be j(s). Calculate the greatest common factor of v and 154.
22
Let u(f) = f**3 + 7*f**2 - 17*f + 8. Let o be u(-8). What is the greatest common divisor of 2620 and o?
20
Let u be 187*1/6 + -12*(-210)/3024. Suppose 0 = -4*h - 19 + 3, 0 = -s - 4*h - 12. What is the highest common factor of u and s?
4
Let u = -4963 - -4974. Calculate the highest common divisor of u and 11143.
11
Let m(n) = -56*n + 3250. Let l be m(38). Calculate the highest common divisor of 594 and l.
66
Suppose 3011 = 11*y + 811. Let p = y - 198. What is the greatest common divisor of 34 and p?
2
Let k be (-14 - 803/(-55))/(1/5). Suppose -240 = -4*r - 4*i, -180 = -5*r + 2*r + k*i. Calculate the highest common divisor of r and 165.
15
Let a be (-39)/(35/(-10) - -2). Suppose 0 = -18*f + 524 + 178. Calculate the greatest common factor of a and f.
13
Let u = 82 - 78. Suppose x + u*i = -4*x + 70, 5*i = 0. What is the greatest common factor of 2 and x?
2
Let k(s) = -3*s + 6. Let u be k(20). Let q = u - -77. Let x(t) = -t**2 - 6*t + 92. Let o be x(0). What is the highest common divisor of o and q?
23
Suppose -2*m - 2 = g - 6*m, 14 = 5*g + 4*m. Let n(c) = -c**2 - 8*c. Let a be n(-4). Let o = a + g. What is the highest common divisor of 24 and o?
6
Let m = -11151 + 11304. What is the highest common divisor of m and 3519?
153
Let j(z) = z**3 - 5*z**2 - 9*z + 6. Let p be j(7). Suppose -2*x = p + 17. Let o = -7 - x. Calculate the greatest common factor of 242 and o.
22
Suppose -17170 = -47*w + 100677 - 6598. What is the greatest common factor of 9 and w?
9
Suppose 0 = i + 3*c - 443, 5*c = 3*i - 1219 - 208. Calculate the greatest common divisor of 80 and i.
16
Suppose -5*p - 25 = -o, -28*o + 30*o = -4*p + 22. Let n be ((-9)/(-3) - 5)/(-1). Suppose -n*h = -3*h + 15. Calculate the highest common factor of h and o.
15
Let j = -18 - -38. Let k = 777 + -309. Suppose -3*t = 4*o - k, 32*t - o - 163 = 31*t. Calculate the greatest common divisor of j and t.
20
Suppose -2*m = -4*k - 4316, -14*m + 11*m = -4*k - 6464. What is the highest common factor of m and 96?
12
Let m = -222 + 737. Let p be -423 + 429 + (200 - 0/(-1)). Calculate the greatest common factor of m and p.
103
Suppose 3*n - 3735 = 2*a, -2*n + 16 + 2455 = 5*a. What is the highest common factor of 113 and n?
113
Let f(k) = 2*k**2 - 7*k + 6. Let x be f(7). Let v = 312 - 312. Suppose 2*r - 7 = -3*p, -2*p - r + 12 - 6 = v. Calculate the greatest common divisor of p and x.
5
Suppose 0 = -n + 222 + 356. Let l(s) = -s**3 + 74*s**2 + 158*s - 422. Let c be l(76). Calculate the highest common divisor of n and c.
34
Let m be (-39)/(-13) + (102 - (-8 + (-12)/(-3))). What is the highest common divisor of m and 6976?
109
Suppose 23*h - 6*h = -1458 + 2614. What is the greatest common factor of h and 4386?
34
Let p be (3/(-2))/(110/(-11) - 5453/(-546)). What is the greatest common divisor of 1365 and p?
39
Let r = -336 + 568. Let l = -57 + r. Calculate the greatest common factor of l and 7.
7
Suppose 170*s - 45*s = 36250. Calculate the greatest common factor of s and 9715.
145
Suppose -89*l + 5764 + 22176 = -8372. Calculate the highest common divisor of 6664 and l.
136
Suppose t - 9 = -t - 5*i, -5 = 5*i. Suppose 4*g = 19 - t. Let b = 71 - 68. What is the greatest common factor of b and g?
3
Suppose 3*o - s - 30 = 0, 7317*o - 18 = 7314*o - 3*s. Calculate the highest common factor of 5493 and o.
3
Let r be (-1 + 1 + -1)/((-3)/(-36)). Let j = -12 - r. Suppose j = -5*l + 18 - 3. Calculate the greatest common factor of 33 and l.
3
Let a = 35 + -33. Suppose -14*x + 26 = -a. Suppose -y = 4*g - 45, x*g + 3*y + 2 = 17. What is the highest common factor of 60 and g?
12
Let a(v) = -v**2 - 23*v - 65. Let k be a(-20). Let z = 112 - k. Calculate the greatest common divisor of z and 39.
39
Suppose -91*l - 180 = -94*l. Let c be (-2)/16 - 16805/(-40). Calculate the highest common d